{"id":1941,"date":"2020-10-09T10:29:19","date_gmt":"2020-10-09T15:29:19","guid":{"rendered":"http:\/\/cedral-slp.gob.mx\/2018-2021\/?page_id=1941"},"modified":"2021-12-08T13:20:41","modified_gmt":"2021-12-08T19:20:41","slug":"armonizacion-2020-2do-trimestre","status":"publish","type":"page","link":"https:\/\/cedral-slp.gob.mx\/2021-2024\/armonizacion-2020-2do-trimestre\/","title":{"rendered":"ARMONIZACI\u00d3N 2020 2DO TRIMESTRE"},"content":{"rendered":"<h2>Documentos de Armonizaci\u00f3n Contable<\/h2>\n<p style=\"text-align: center;\">Esta secci\u00f3n podr\u00e1 consultar cada uno de los documentos referentes a armonizaci\u00f3n contable correspondientes al 2do Trimestre del a\u00f1o 2020, para consultar el detalle seleccione el documento de su inter\u00e9s de la lista inferior.<\/p>\n<h3>Ley de Ingresos y Presupuesto de Egresos<\/h3>\n<ul>\n<li>\n\t\t\t\t\t<a href=\"http:\/\/cedral-slp.gob.mx\/2018-2021\/wp-content\/uploads\/ARMONIZACION2020\/TRIM1\/1-1-LEY-INGRESOS-2020.pdf\" target=\"_blank\" rel=\"noopener noreferrer\"><br \/>\nLey de ingresos<br \/>\n<\/a><\/li>\n<li>\n\t\t\t\t\t<a href=\"http:\/\/cedral-slp.gob.mx\/2018-2021\/wp-content\/uploads\/ARMONIZACION2020\/TRIM1\/1-2-PRESUPUESTO-EGRESOS-2020.pdf\" target=\"_blank\" rel=\"noopener noreferrer\"><br \/>\nPresupuesto de egresos<br \/>\n<\/a><\/li>\n<\/ul>\n<h3>CUENTA P\u00daBLICA 2019<\/h3>\n<ul>\n<li>\n\t\t\t\t\t<a href=\"http:\/\/cedral-slp.gob.mx\/2018-2021\/wp-content\/uploads\/ARMONIZACION2020\/01-CuentaPublica2019-Contable.pdf\"><br \/>\niNFORMACION CONTABLE<br \/>\n<\/a><\/li>\n<li>\n\t\t\t\t\t<a href=\"http:\/\/cedral-slp.gob.mx\/2018-2021\/wp-content\/uploads\/ARMONIZACION2020\/02-CuentaPublica2019-PRESUPUESTARIA.pdf\"><br \/>\niNFORMACION PRESUPUESTAL<br \/>\n<\/a><\/li>\n<li>\n\t\t\t\t\t<a href=\"http:\/\/cedral-slp.gob.mx\/2018-2021\/wp-content\/uploads\/ARMONIZACION2020\/03-CuentaPublica2019-ANEXOS.pdf\"><br \/>\nANEXOS<br \/>\n<\/a><\/li>\n<li>\n\t\t\t\t\t<a href=\"http:\/\/cedral-slp.gob.mx\/2018-2021\/wp-content\/uploads\/ARMONIZACION2020\/04-CuentaPublica2019-CONSOLIDACION.pdf\"><br \/>\nCONSOLIDACION<br \/>\n<\/a><\/li>\n<li>\n\t\t\t\t\t<a href=\"http:\/\/cedral-slp.gob.mx\/2018-2021\/wp-content\/uploads\/ARMONIZACION2020\/05-CuentaPublica2019-Consolidado.pdf\"><br \/>\nCONSOLIDADOS<br \/>\n<\/a><\/li>\n<\/ul>\n<h3>Informaci\u00f3n CONTABLE<\/h3>\n<ul>\n<li>\n\t\t\t\t\t<a href=\"http:\/\/cedral-slp.gob.mx\/2018-2021\/wp-content\/uploads\/ARMONIZACION2020\/TRIM2\/INFORMACION_FINANCIERA\/CONTABLE\/01EstadoActividades.pdf\"><br \/>\nEstado de ACTIVIDADES<br \/>\n<\/a><\/li>\n<li>\n\t\t\t\t\t<a href=\"http:\/\/cedral-slp.gob.mx\/2018-2021\/wp-content\/uploads\/ARMONIZACION2020\/TRIM2\/INFORMACION_FINANCIERA\/CONTABLE\/02EstadoSituacionFinanciera.pdf\"><br \/>\nEstado de situaci\u00f3n financiera<br \/>\n<\/a><\/li>\n<li>\n\t\t\t\t\t<a href=\"http:\/\/cedral-slp.gob.mx\/2018-2021\/wp-content\/uploads\/ARMONIZACION2020\/TRIM2\/INFORMACION_FINANCIERA\/CONTABLE\/03EstadoVariacionHacienda.pdf\"><br \/>\nEstado de variaci\u00f3n en la hacienda publica<br \/>\n<\/a><\/li>\n<li>\n\t\t\t\t\t<a href=\"http:\/\/cedral-slp.gob.mx\/2018-2021\/wp-content\/uploads\/ARMONIZACION2020\/TRIM2\/INFORMACION_FINANCIERA\/CONTABLE\/04EstadoCambiosSituacionFinanciera.pdf\"><br \/>\nEstado de cambios de la situaci\u00f3n financiera<br \/>\n<\/a><\/li>\n<li>\n\t\t\t\t\t<a href=\"http:\/\/cedral-slp.gob.mx\/2018-2021\/wp-content\/uploads\/ARMONIZACION2020\/TRIM2\/INFORMACION_FINANCIERA\/CONTABLE\/05EstadoFlujosEfectivo.pdf\"><br \/>\nESTADO DE FLUJO DE EFECTIVO<br \/>\n<\/a><\/li>\n<li>\n\t\t\t\t\t<a href=\"http:\/\/cedral-slp.gob.mx\/2018-2021\/wp-content\/uploads\/ARMONIZACION2020\/TRIM2\/INFORMACION_FINANCIERA\/CONTABLE\/06notas-cedral-abril-junio-2020.pdf\"><br \/>\nNotas de los estados financieros<br \/>\n<\/a><\/li>\n<li>\n\t\t\t\t\t<a href=\"http:\/\/cedral-slp.gob.mx\/2018-2021\/wp-content\/uploads\/ARMONIZACION2020\/TRIM2\/INFORMACION_FINANCIERA\/CONTABLE\/07EstadoAnaliticoDeActivosYPasivos.pdf\"><br \/>\nEstado anal\u00edtico DE PASIVOs<br \/>\n<\/a><\/li>\n<li>\n\t\t\t\t\t<a href=\"http:\/\/cedral-slp.gob.mx\/2018-2021\/wp-content\/uploads\/ARMONIZACION2020\/TRIM2\/INFORMACION_FINANCIERA\/CONTABLE\/08EstadoAnaliticoDeActivosYPasivos_R.pdf\"><br \/>\nEstado anal\u00edtico DEL ACTIVO<br \/>\n<\/a><\/li>\n<li>\n\t\t\t\t\t<a href=\"http:\/\/cedral-slp.gob.mx\/2018-2021\/wp-content\/uploads\/ARMONIZACION2020\/TRIM2\/INFORMACION_FINANCIERA\/CONTABLE\/09EndeudamientoNeto.pdf\"><br \/>\nendeudamiento neto<br \/>\n<\/a><\/li>\n<li>\n\t\t\t\t\t<a href=\"http:\/\/cedral-slp.gob.mx\/2018-2021\/wp-content\/uploads\/ARMONIZACION2020\/TRIM2\/INFORMACION_FINANCIERA\/CONTABLE\/10InteresesdelaDeuda.pdf\"><br \/>\nintereses de la deuda<br \/>\n<\/a><\/li>\n<li>\n\t\t\t\t\t<a href=\"http:\/\/cedral-slp.gob.mx\/2018-2021\/wp-content\/uploads\/ARMONIZACION2020\/TRIM2\/INFORMACION_FINANCIERA\/CONTABLE\/11EstadoAnaliticoDeudaYPasivos.pdf\"><br \/>\nestado anal\u00edtico de la deuda y otros pasivos<br \/>\n<\/a><\/li>\n<\/ul>\n<h3>Informaci\u00f3n Presupuestal<\/h3>\n<ul>\n<li>\n\t\t\t\t\t<a href=\"http:\/\/cedral-slp.gob.mx\/2018-2021\/wp-content\/uploads\/ARMONIZACION2020\/TRIM2\/INFORMACION_FINANCIERA\/PRESUPUESTAL\/00EstadoPresupuestoIngresos.pdf\"><br \/>\nEstado anal\u00edtico de ingresos<br \/>\n<\/a><\/li>\n<li>\n\t\t\t\t\t<a href=\"http:\/\/cedral-slp.gob.mx\/2018-2021\/wp-content\/uploads\/ARMONIZACION2020\/TRIM2\/INFORMACION_FINANCIERA\/PRESUPUESTAL\/ANALITICO_EJERCICIO\/01EstadoPresupuestoEgresos-Administrativa.pdf\"><br \/>\nEstado anal\u00edtico del ejercicio de presupuesto de egresos &#8211; Administrativa<br \/>\n<\/a><\/li>\n<li>\n\t\t\t\t\t<a href=\"http:\/\/cedral-slp.gob.mx\/2018-2021\/wp-content\/uploads\/ARMONIZACION2020\/TRIM2\/INFORMACION_FINANCIERA\/PRESUPUESTAL\/ANALITICO_EJERCICIO\/02EstadoPresupuestoEgresos-ObjetodeGasto.pdf\"><br \/>\nEstado anal\u00edtico del ejercicio de presupuesto de egresos &#8211; Por objeto de gasto<br \/>\n<\/a><\/li>\n<li>\n\t\t\t\t\t<a href=\"http:\/\/cedral-slp.gob.mx\/2018-2021\/wp-content\/uploads\/ARMONIZACION2020\/TRIM2\/INFORMACION_FINANCIERA\/PRESUPUESTAL\/ANALITICO_EJERCICIO\/03EstadoPresupuestoEgresos-Economica.pdf\"><br \/>\nEstado anal\u00edtico del ejercicio de presupuesto de egresos &#8211; Econ\u00f3mica<br \/>\n<\/a><\/li>\n<li>\n\t\t\t\t\t<a href=\"http:\/\/cedral-slp.gob.mx\/2018-2021\/wp-content\/uploads\/ARMONIZACION2020\/TRIM2\/INFORMACION_FINANCIERA\/PRESUPUESTAL\/ANALITICO_EJERCICIO\/04EstadoPresupuestoEgresos-Funcional.pdf\"><br \/>\nEstado anal\u00edtico del ejercicio de presupuesto de egresos &#8211; Funcional<br \/>\n<\/a><\/li>\n<li>\n\t\t\t\t\t<a href=\"http:\/\/cedral-slp.gob.mx\/2018-2021\/wp-content\/uploads\/ARMONIZACION2020\/TRIM2\/INFORMACION_FINANCIERA\/PRESUPUESTAL\/ANALITICO_EJERCICIO\/05EstadoPresupuestoEgresos-Programatica.pdf\"><br \/>\nEstado anal\u00edtico del ejercicio de presupuesto de egresos &#8211; Program\u00e1tica<br \/>\n<\/a><\/li>\n<\/ul>\n<h3>Formatos Titulo V<\/h3>\n<ul>\n<li>\n\t\t\t\t\t<a href=\"http:\/\/cedral-slp.gob.mx\/2018-2021\/wp-content\/uploads\/ARMONIZACION2020\/TRIM1\/FORMATOS_TITULO_V\/01INICIATIVA_LEY_INGRESOS\/01-ACTA-37-CABILDO-INICIATIVA-DE-LEY-DE-INGRESOS-2020.pdf\"><br \/>\nInformaci\u00f3n adicional a la iniciativa a la ley de ingresos<br \/>\n<\/a><\/li>\n<li>\n\t\t\t\t\t<a href=\"http:\/\/cedral-slp.gob.mx\/2018-2021\/wp-content\/uploads\/ARMONIZACION2020\/TRIM1\/FORMATOS_TITULO_V\/02INFORMACION_ADICIONAL_EGRESOS\/01-PRESUPUESTO-DE-EGRESOS-2020.pdf\"><br \/>\nInformaci\u00f3n adicional del proyecto del presupuesto de egresos<br \/>\n<\/a><\/li>\n<li>\n\t\t\t\t\t<a href=\"http:\/\/cedral-slp.gob.mx\/2018-2021\/wp-content\/uploads\/ARMONIZACION2020\/TRIM2\/FORMATOS_TITULO_V\/02INFORMACION_ADICIONAL_EGRESOS\/02-PRESUPUESTO-DE-EGRESOS-CLASIFICADOR-POR-OBJETO-DE-GASTO.pdf\"><br \/>\nPresupuesto de egresos \u2013 Clasificado por objeto del gasto<br \/>\n<\/a><\/li>\n<li>\n\t\t\t\t\t<a href=\"http:\/\/cedral-slp.gob.mx\/2018-2021\/wp-content\/uploads\/ARMONIZACION2020\/TRIM2\/FORMATOS_TITULO_V\/02INFORMACION_ADICIONAL_EGRESOS\/03-PRESUPUESTO-DE-EGRESOS-CLASIFICACION-ADMINISTRATIVA.pdf\"><br \/>\nPresupuesto de egresos \u2013 Clasificaci\u00f3n administrativa<br \/>\n<\/a><\/li>\n<li>\n\t\t\t\t\t<a href=\"http:\/\/cedral-slp.gob.mx\/2018-2021\/wp-content\/uploads\/ARMONIZACION2020\/TRIM2\/FORMATOS_TITULO_V\/02INFORMACION_ADICIONAL_EGRESOS\/04-PRESUPUESTO-DE-EGRESOS-CLASIFICADOR-FUNCIONAL-DEL-GASTO.pdf\"><br \/>\nPresupuesto de egresos \u2013 Clasificador funcional del gasto<br \/>\n<\/a><\/li>\n<li>\n\t\t\t\t\t<a href=\"http:\/\/cedral-slp.gob.mx\/2018-2021\/wp-content\/uploads\/ARMONIZACION2020\/TRIM2\/FORMATOS_TITULO_V\/02INFORMACION_ADICIONAL_EGRESOS\/05-PRESUPUESTO-DE-EGRESOS-CLASIFICACION-POR-TIPO-DE-GASTO.pdf\"><br \/>\nPresupuesto de egresos \u2013 Clasificador por tipo de gasto<br \/>\n<\/a><\/li>\n<li>\n\t\t\t\t\t<a href=\"http:\/\/cedral-slp.gob.mx\/2018-2021\/wp-content\/uploads\/ARMONIZACION2020\/TRIM2\/FORMATOS_TITULO_V\/02INFORMACION_ADICIONAL_EGRESOS\/06-FORMATOS-PRESUPUESTO-DE-EGRESOS-2020.pdf\"><br \/>\nPresupuesto de egresos \u2013 Prioridades de gasto<br \/>\n<\/a><\/li>\n<li>\n\t\t\t\t\t<a href=\"http:\/\/cedral-slp.gob.mx\/2018-2021\/wp-content\/uploads\/ARMONIZACION2020\/TRIM2\/FORMATOS_TITULO_V\/02INFORMACION_ADICIONAL_EGRESOS\/07-PRESUPUESTO-DE-EGRESOS-PROGRAMAS-Y-PROYECTOS.pdf\"><br \/>\nPresupuesto de egresos \u2013 Programas y proyectos<br \/>\n<\/a><\/li>\n<li>\n\t\t\t\t\t<a href=\"http:\/\/cedral-slp.gob.mx\/2018-2021\/wp-content\/uploads\/ARMONIZACION2020\/TRIM2\/FORMATOS_TITULO_V\/02INFORMACION_ADICIONAL_EGRESOS\/08-ANALITICO-DE-PLAZAS.pdf\"><br \/>\nanal\u00edtico de plazas<br \/>\n<\/a><\/li>\n<li>\n\t\t\t\t\t<a href=\"http:\/\/cedral-slp.gob.mx\/2018-2021\/wp-content\/uploads\/ARMONIZACION2020\/TRIM2\/FORMATOS_TITULO_V\/04-CALENDARIO-DE-PRESUPUESTO-DE-INEGRESOS-BASE-MENSUAL.pdf\"><br \/>\ncalendario de ingresos base mensual<br \/>\n<\/a><\/li>\n<li>\n\t\t\t\t\t<a href=\"http:\/\/cedral-slp.gob.mx\/2018-2021\/wp-content\/uploads\/ARMONIZACION2020\/TRIM2\/FORMATOS_TITULO_V\/05-CALENDARIO-DE-PRESUPUESTO-DE-EGRESOS-BASE-MENSUAL.pdf\"><br \/>\ncalendario de presupuesto de egresos base mensual<br \/>\n<\/a><\/li>\n<li>\n\t\t\t\t\t<a href=\"http:\/\/cedral-slp.gob.mx\/2018-2021\/wp-content\/uploads\/ARMONIZACION2020\/TRIM2\/FORMATOS_TITULO_V\/06-INFORMACION-DE-MONTOS-PAGADOS-POR-AYUDAS-Y-SUBSIDIOS.pdf\"><br \/>\ninformaci\u00f3n de montos pagados por ayudas y subsidios<br \/>\n<\/a><\/li>\n<li>\n\t\t\t\t\t<a href=\"http:\/\/cedral-slp.gob.mx\/2018-2021\/wp-content\/uploads\/ARMONIZACION2020\/TRIM2\/FORMATOS_TITULO_V\/07-RECURSOS-CONCURRENTES-POR-ORDEN-DE-GOBIERNO.pdf\"><br \/>\nFORMATO DE PROGRAMAS CON RECURSOS FEDERALES POR ORDEN DE GOBIERNO<br \/>\n<\/a><\/li>\n<li>\n\t\t\t\t\t<a href=\"http:\/\/cedral-slp.gob.mx\/2018-2021\/wp-content\/uploads\/ARMONIZACION2020\/TRIM2\/FORMATOS_TITULO_V\/08-RELACION-DE-CUENTAS-BANCARIAS.pdf\"><br \/>\nRELACI\u00d3N DE LAS CUENTAS BANCARIAS PRODUCTIVAS<br \/>\n<\/a><\/li>\n<\/ul>\n","protected":false},"excerpt":{"rendered":"<p>Documentos de Armonizaci\u00f3n Contable Esta secci\u00f3n podr\u00e1 consultar cada uno de los documentos referentes a armonizaci\u00f3n contable correspondientes al 2do Trimestre del a\u00f1o 2020, para consultar el detalle seleccione el documento de su inter\u00e9s de la lista inferior. Ley de Ingresos y Presupuesto de Egresos Ley de ingresos Presupuesto de egresos CUENTA P\u00daBLICA 2019 iNFORMACION [&hellip;]<\/p>\n","protected":false},"author":1,"featured_media":0,"parent":0,"menu_order":0,"comment_status":"closed","ping_status":"closed","template":"","meta":{"_uag_custom_page_level_css":"","site-sidebar-layout":"no-sidebar","site-content-layout":"page-builder","ast-site-content-layout":"","site-content-style":"default","site-sidebar-style":"default","ast-global-header-display":"","ast-banner-title-visibility":"","ast-main-header-display":"","ast-hfb-above-header-display":"","ast-hfb-below-header-display":"","ast-hfb-mobile-header-display":"","site-post-title":"disabled","ast-breadcrumbs-content":"","ast-featured-img":"disabled","footer-sml-layout":"","theme-transparent-header-meta":"default","adv-header-id-meta":"","stick-header-meta":"","header-above-stick-meta":"","header-main-stick-meta":"","header-below-stick-meta":"","astra-migrate-meta-layouts":"default","ast-page-background-enabled":"default","ast-page-background-meta":{"desktop":{"background-color":"","background-image":"","background-repeat":"repeat","background-position":"center center","background-size":"auto","background-attachment":"scroll","background-type":"","background-media":"","overlay-type":"","overlay-color":"","overlay-opacity":"","overlay-gradient":""},"tablet":{"background-color":"","background-image":"","background-repeat":"repeat","background-position":"center center","background-size":"auto","background-attachment":"scroll","background-type":"","background-media":"","overlay-type":"","overlay-color":"","overlay-opacity":"","overlay-gradient":""},"mobile":{"background-color":"","background-image":"","background-repeat":"repeat","background-position":"center center","background-size":"auto","background-attachment":"scroll","background-type":"","background-media":"","overlay-type":"","overlay-color":"","overlay-opacity":"","overlay-gradient":""}},"ast-content-background-meta":{"desktop":{"background-color":"var(--ast-global-color-5)","background-image":"","background-repeat":"repeat","background-position":"center center","background-size":"auto","background-attachment":"scroll","background-type":"","background-media":"","overlay-type":"","overlay-color":"","overlay-opacity":"","overlay-gradient":""},"tablet":{"background-color":"var(--ast-global-color-5)","background-image":"","background-repeat":"repeat","background-position":"center center","background-size":"auto","background-attachment":"scroll","background-type":"","background-media":"","overlay-type":"","overlay-color":"","overlay-opacity":"","overlay-gradient":""},"mobile":{"background-color":"var(--ast-global-color-5)","background-image":"","background-repeat":"repeat","background-position":"center center","background-size":"auto","background-attachment":"scroll","background-type":"","background-media":"","overlay-type":"","overlay-color":"","overlay-opacity":"","overlay-gradient":""}},"footnotes":""},"class_list":["post-1941","page","type-page","status-publish","hentry"],"uagb_featured_image_src":{"full":false,"thumbnail":false,"medium":false,"medium_large":false,"large":false,"1536x1536":false,"2048x2048":false},"uagb_author_info":{"display_name":"RSerrato","author_link":"https:\/\/cedral-slp.gob.mx\/2021-2024\/author\/rserrato\/"},"uagb_comment_info":0,"uagb_excerpt":"Documentos de Armonizaci\u00f3n Contable Esta secci\u00f3n podr\u00e1 consultar cada uno de los documentos referentes a armonizaci\u00f3n contable correspondientes al 2do Trimestre del a\u00f1o 2020, para consultar el detalle seleccione el documento de su inter\u00e9s de la lista inferior. Ley de Ingresos y Presupuesto de Egresos Ley de ingresos Presupuesto de egresos CUENTA P\u00daBLICA 2019 iNFORMACION&hellip;","_links":{"self":[{"href":"https:\/\/cedral-slp.gob.mx\/2021-2024\/wp-json\/wp\/v2\/pages\/1941"}],"collection":[{"href":"https:\/\/cedral-slp.gob.mx\/2021-2024\/wp-json\/wp\/v2\/pages"}],"about":[{"href":"https:\/\/cedral-slp.gob.mx\/2021-2024\/wp-json\/wp\/v2\/types\/page"}],"author":[{"embeddable":true,"href":"https:\/\/cedral-slp.gob.mx\/2021-2024\/wp-json\/wp\/v2\/users\/1"}],"replies":[{"embeddable":true,"href":"https:\/\/cedral-slp.gob.mx\/2021-2024\/wp-json\/wp\/v2\/comments?post=1941"}],"version-history":[{"count":8,"href":"https:\/\/cedral-slp.gob.mx\/2021-2024\/wp-json\/wp\/v2\/pages\/1941\/revisions"}],"predecessor-version":[{"id":2064,"href":"https:\/\/cedral-slp.gob.mx\/2021-2024\/wp-json\/wp\/v2\/pages\/1941\/revisions\/2064"}],"wp:attachment":[{"href":"https:\/\/cedral-slp.gob.mx\/2021-2024\/wp-json\/wp\/v2\/media?parent=1941"}],"curies":[{"name":"wp","href":"https:\/\/api.w.org\/{rel}","templated":true}]}}